he remainder when 93296 is divided by 31?
17
Calculate the remainder when 9142 is divided by 5.
2
Calculate the remainder when 165988 is divided by 165.
163
What is the remainder when 58288 is divided by 174?
172
What is the remainder when 203037 is divided by 4834?
9
What is the remainder when 636849 is divided by 292?
289
Calculate the remainder when 6559 is divided by 477.
358
What is the remainder when 8633 is divided by 4245?
143
Calculate the remainder when 11405 is divided by 1140.
5
Calculate the remainder when 8311 is divided by 108.
103
What is the remainder when 2791 is divided by 576?
487
Calculate the remainder when 40808 is divided by 10200.
8
What is the remainder when 345727 is divided by 55?
52
Calculate the remainder when 25112 is divided by 4936.
432
What is the remainder when 1282 is divided by 6?
4
What is the remainder when 2833 is divided by 515?
258
Calculate the remainder when 5927 is divided by 49.
47
What is the remainder when 642951 is divided by 4?
3
What is the remainder when 3042555 is divided by 20?
15
Calculate the remainder when 18384 is divided by 613.
607
What is the remainder when 17023 is divided by 56?
55
What is the remainder when 1582247 is divided by 9889?
7
Calculate the remainder when 7227 is divided by 75.
27
What is the remainder when 301659 is divided by 301652?
7
Calculate the remainder when 8059 is divided by 192.
187
Calculate the remainder when 14676 is divided by 47.
12
What is the remainder when 93601 is divided by 123?
121
Calculate the remainder when 1949 is divided by 276.
17
Calculate the remainder when 3799 is divided by 1596.
607
What is the remainder when 693461 is divided by 136?
133
Calculate the remainder when 10840 is divided by 10837.
3
Calculate the remainder when 16858 is divided by 1403.
22
What is the remainder when 52023 is divided by 839?
5
What is the remainder when 64514 is divided by 10690?
374
What is the remainder when 77080 is divided by 2083?
9
Calculate the remainder when 350 is divided by 8.
6
Calculate the remainder when 7444 is divided by 256.
20
Calculate the remainder when 138101 is divided by 122.
119
Calculate the remainder when 4934 is divided by 690.
104
What is the remainder when 54437 is divided by 27020?
397
What is the remainder when 4148 is divided by 173?
169
What is the remainder when 1752 is divided by 76?
4
Calculate the remainder when 24949 is divided by 25.
24
What is the remainder when 34216 is divided by 5691?
70
Calculate the remainder when 360933 is divided by 7846.
17
What is the remainder when 161985 is divided by 53983?
36
What is the remainder when 24444 is divided by 278?
258
Calculate the remainder when 109879 is divided by 5.
4
What is the remainder when 54470 is divided by 166?
22
Calculate the remainder when 47296 is divided by 7874.
52
What is the remainder when 338953 is divided by 169469?
15
What is the remainder when 2946 is divided by 140?
6
What is the remainder when 323644 is divided by 3?
1
Calculate the remainder when 3327 is divided by 49.
44
Calculate the remainder when 3343 is divided by 692.
575
Calculate the remainder when 52741 is divided by 217.
10
What is the remainder when 10143 is divided by 3260?
363
Calculate the remainder when 6453036 is divided by 110.
106
Calculate the remainder when 117469 is divided by 687.
679
Calculate the remainder when 14487 is divided by 502.
431
What is the remainder when 44036 is divided by 53?
46
Calculate the remainder when 11600 is divided by 768.
80
Calculate the remainder when 156424 is divided by 93.
91
What is the remainder when 1363288 is divided by 10?
8
Calculate the remainder when 10376 is divided by 3177.
845
What is the remainder when 6102 is divided by 406?
12
Calculate the remainder when 20876 is divided by 4150.
126
What is the remainder when 156 is divided by 3?
0
Calculate the remainder when 7496086 is divided by 1713.
1711
What is the remainder when 1085 is divided by 16?
13
Calculate the remainder when 69765 is divided by 152.
149
Calculate the remainder when 1128135 is divided by 11.
8
Calculate the remainder when 1655 is divided by 258.
107
Calculate the remainder when 531 is divided by 82.
39
Calculate the remainder when 676234 is divided by 12.
10
What is the remainder when 83796 is divided by 40?
36
What is the remainder when 274551 is divided by 22?
13
What is the remainder when 6874 is divided by 3436?
2
What is the remainder when 14457 is divided by 2543?
1742
Calculate the remainder when 11393 is divided by 5453.
487
Calculate the remainder when 2303 is divided by 376.
47
Calculate the remainder when 30786 is divided by 154.
140
What is the remainder when 7595 is divided by 505?
20
Calculate the remainder when 13111 is divided by 15.
1
Calculate the remainder when 208839 is divided by 1471.
1428
Calculate the remainder when 1048622 is divided by 174767.
20
Calculate the remainder when 374510 is divided by 19711.
1
What is the remainder when 3532 is divided by 3528?
4
Calculate the remainder when 3037 is divided by 386.
335
Calculate the remainder when 133938 is divided by 44631.
45
Calculate the remainder when 35319 is divided by 425.
44
What is the remainder when 3226 is divided by 366?
298
Calculate the remainder when 798 is divided by 684.
114
What is the remainder when 1715 is divided by 197?
139
Calculate the remainder when 5608 is divided by 559.
18
Calculate the remainder when 280 is divided by 129.
22
Calculate the remainder when 7817 is divided by 201.
179
What is the remainder when 1099 is divided by 1008?
91
What is the remainder when 1525 is divided by 503?
16
Calculate the remainder when 3000 is divided by 164.
48
Calculate the remainder when 6983 is divided by 1296.
503
What is the remainder when 1652 is divided by 1639?
13
What is the remainder when 559 is divided by 27?
19
Calculate the remainder when 220942 is divided by 31560.
22
Calculate the remainder when 130542 is divided by 870.
42
What is the remainder when 8680 is divided by 202?
196
Calculate the remainder when 25555 is divided by 663.
361
Calculate the remainder when 999 is divided by 420.
159
What is the remainder when 11370 is divided by 1870?
150
Calculate the remainder when 42775 is divided by 230.
225
What is the remainder when 101484 is divided by 100?
84
Calculate the remainder when 11260 is divided by 402.
4
Calculate the remainder when 437704 is divided by 218838.
28
What is the remainder when 4624 is divided by 1164?
1132
Calculate the remainder when 48098 is divided by 148.
146
Calculate the remainder when 899772 is divided by 43.
40
What is the remainder when 1078996 is divided by 26?
22
What is the remainder when 4309 is divided by 1307?
388
What is the remainder when 1673 is divided by 559?
555
What is the remainder when 2697 is divided by 874?
75
What is the remainder when 8200 is divided by 507?
88
Calculate the remainder when 295040 is divided by 11.
9
What is the remainder when 7618 is divided by 2536?
10
What is the remainder when 1104508 is divided by 128?
124
Calculate the remainder when 18080 is divided by 89.
13
Calculate the remainder when 3705066 is divided by 2098.
2096
Calculate the remainder when 83367 is divided by 485.
432
What is the remainder when 4480 is divided by 719?
166
Calculate the remainder when 460 is divided by 110.
20
Calculate the remainder when 10236 is divided by 31.
6
Calculate the remainder when 35206 is divided by 11714.
64
Calculate the remainder when 12707 is divided by 2117.
5
What is the remainder when 692509 is divided by 134?
131
What is the remainder when 2656 is divided by 571?
372
Calculate the remainder when 366861 is divided by 7.
5
Calculate the remainder when 240275 is divided by 13.
9
What is the remainder when 251273 is divided by 35?
8
Calculate the remainder when 89139 is divided by 89127.
12
What is the remainder when 2632 is divided by 156?
136
What is the remainder when 1091 is divided by 895?
196
Calculate the remainder when 10291 is divided by 22.
17
Calculate the remainder when 112153 is divided by 112148.
5
Calculate the remainder when 3007 is divided by 31.
0
What is the remainder when 103660 is divided by 37?
23
Calculate the remainder when 3595 is divided by 385.
130
Calculate the remainder when 104 